2?
True
Is 5626325 a multiple of 30?
False
Is 121215880 a multiple of 307?
True
Is 48 a factor of 31749832?
False
Is 56821710 a multiple of 29?
False
Is 4 a factor of 5357929?
False
Does 1853 divide 36982174?
True
Is 12 a factor of 175008504?
True
Is 290832591 a multiple of 849?
True
Is 3323 a factor of 10431159?
False
Is 621606888 a multiple of 834?
True
Is 13 a factor of 1398427810?
True
Is 13 a factor of 153366366?
False
Is 30267711 a multiple of 447?
True
Is 223 a factor of 357659072?
False
Does 436 divide 39127948?
True
Does 157 divide 28253720?
True
Is 33953274 a multiple of 9?
True
Does 95 divide 710742405?
True
Is 5 a factor of 12846862?
False
Is 4927835352 a multiple of 2904?
True
Does 1734 divide 9941085?
False
Is 77 a factor of 11670039?
False
Is 566114948 a multiple of 10?
False
Does 61 divide 3118564?
True
Is 128143933 a multiple of 117?
False
Is 258849140 a multiple of 439?
False
Is 2727 a factor of 445811200?
False
Does 2632 divide 38645656?
True
Does 36 divide 1470398060?
False
Does 59 divide 7886248?
False
Is 350862550 a multiple of 227?
True
Is 70 a factor of 7209230?
True
Is 219 a factor of 90630522?
True
Is 708339708 a multiple of 22?
False
Is 252931920 a multiple of 23?
True
Does 977 divide 237927833?
True
Does 13 divide 20506646?
False
Is 673752719 a multiple of 8?
False
Does 13 divide 30910295?
True
Is 311811800 a multiple of 20?
True
Does 48 divide 220648848?
True
Is 8 a factor of 5661800?
True
Does 32 divide 738572128?
True
Is 11 a factor of 18343875?
True
Is 15993605 a multiple of 43?
False
Is 561006620 a multiple of 2757?
False
Does 320 divide 76835230?
False
Does 988 divide 59295079?
False
Does 16 divide 1123805137?
False
Is 9 a factor of 3876608520?
True
Is 7 a factor of 223433686?
True
Is 72 a factor of 239335295?
False
Does 28 divide 4526564?
True
Is 1797792528 a multiple of 24?
True
Is 118 a factor of 4901094128?
True
Does 1331 divide 633370991?
True
Is 27 a factor of 141585029?
False
Does 15 divide 709086926?
False
Does 173 divide 46258816?
True
Is 1148960132 a multiple of 90?
False
Is 3298770338 a multiple of 1128?
False
Is 119 a factor of 41252778?
True
Is 5 a factor of 630960662?
False
Is 854860752 a multiple of 9?
True
Is 515 a factor of 602112765?
True
Is 501 a factor of 5825946?
False
Does 776 divide 1428764216?
True
Does 9360 divide 297380773?
False
Is 27320468 a multiple of 7?
True
Does 13 divide 15151840?
False
Is 473 a factor of 10918259?
True
Does 3263 divide 120283835?
False
Is 7410090 a multiple of 912?
False
Is 360 a factor of 36703441?
False
Is 388050723 a multiple of 11961?
True
Is 10 a factor of 2231113590?
True
Is 38 a factor of 31661342?
False
Is 153 a factor of 144023643?
True
Is 23891146 a multiple of 362?
False
Does 12 divide 282352295?
False
Is 36261458 a multiple of 2155?
False
Does 354 divide 1031589866?
False
Is 11 a factor of 306361?
True
Is 62 a factor of 97846230?
True
Is 6 a factor of 2089719?
False
Is 446 a factor of 229197572?
False
Is 27 a factor of 42329277?
True
Is 43650110 a multiple of 2630?
True
Is 149292455 a multiple of 1541?
False
Is 6110984 a multiple of 118?
True
Is 74220358 a multiple of 103?
True
Is 104891639 a multiple of 8?
False
Is 326988875 a multiple of 14?
False
Does 73 divide 23602179?
False
Does 563 divide 60914348?
True
Is 265 a factor of 3509925?
True
Is 330618747 a multiple of 39?
False
Is 19 a factor of 230600656?
False
Does 2504 divide 403266976?
False
Is 1733464325 a multiple of 4115?
True
Is 7 a factor of 10912991?
False
Is 4722262745 a multiple of 58?
False
Is 212181512 a multiple of 152?
True
Is 1862 a factor of 65641833?
False
Is 1157 a factor of 11252982?
True
Does 82 divide 1268849796?
True
Is 476463012 a multiple of 2724?
True
Is 312223565 a multiple of 19?
False
Is 12 a factor of 200323141?
False
Does 935 divide 51412845?
True
Is 94 a factor of 13230635?
False
Does 1335 divide 30714651?
False
Does 15 divide 63068235?
True
Does 1635 divide 1983306796?
False
Is 1206 a factor of 64794414?
False
Does 476 divide 158248580?
True
Is 25072907 a multiple of 2686?
False
Is 261 a factor of 764850969?
False
Does 39 divide 5621127?
False
Is 5055 a factor of 2705115785?
False
Is 1676 a factor of 3745322004?
True
Is 19561822 a multiple of 158?
True
Is 3087 a factor of 3197823300?
True
Is 118 a factor of 79646342?
True
Does 2119 divide 114305092?
False
Is 258 a factor of 25376106?
True
Does 217 divide 6989409?
False
Is 1202 a factor of 45510093?
False
Does 72 divide 2789165?
False
Is 203510927 a multiple of 38?
False
Is 117130104 a multiple of 2828?
True
Is 584 a factor of 781676408?
True
Does 16 divide 477488044?
False
Does 12 divide 3335280?
True
Is 134062700 a multiple of 25?
True
Is 157292262 a multiple of 391?
True
Is 36 a factor of 67372164?
True
Is 109 a factor of 386969110?
False
Does 46 divide 159193902?
True
Is 3336 a factor of 49236024?
True
Is 65207256 a multiple of 67?
False
Does 89 divide 157772725?
False
Does 18 divide 95945732?
False
Does 23 divide 672981212?
False
Is 11 a factor of 48732331?
False
Does 25 divide 49472963?
False
Is 5710752 a multiple of 144?
True
Is 76866286 a multiple of 15?
False
Is 37999282 a multiple of 74?
False
Is 2 a factor of 2318525?
False
Is 26 a factor of 701587663?
False
Does 16 divide 822193681?
False
Does 1056 divide 16878048?
True
Is 1236 a factor of 118740048?
True
Is 38 a factor of 465728211?
False
Does 260 divide 3280420?
True
Does 427 divide 2907980593?
True
Is 11385103 a multiple of 1170?
False
Is 16 a factor of 44653936?
True
Is 29 a factor of 5668979856?
True
Is 70 a factor of 220816190?
True
Is 2911045890 a multiple of 804?
False
Is 19 a factor of 15131756?
False
Is 1643 a factor of 34433994?
True
Is 48 a factor of 266585184?
True
Is 1807006590 a multiple of 815?
True
Does 17 divide 162186653?
False
Is 936362100 a multiple of 1132?
True
Is 27867790 a multiple of 19?
False
Is 110 a factor of 866470?
True
Is 476 a factor of 33345704?
True
Is 36381492 a multiple of 29?
False
Is 205602968 a multiple of 260?
False
Is 352703879 a multiple of 67?
True
Does 6159 divide 1376320935?
True
Is 430 a factor of 302719326?
False
Is 276 a factor of 20492620?
False
Is 34 a factor of 48592584?
False
Is 15530165 even?
False
Is 214320340 a multiple of 1963?
True
Does 173 divide 292928642?
False
Is 32459280 a multiple of 1680?
True
Is 33272077 a multiple of 17?
True
Does 529 divide 44066758?
True
Is 207951928 a multiple of 244?
True
Is 24 a factor of 57623209?
False
Does 724 divide 19475600?
True
Is 28901489 a multiple of 3?
False
Does 139 divide 1262037017?
True
Does 455 divide 15379910?
True
Is 16785826 a multiple of 21?
False
Does 55 divide 289792085?
True
Does 864 divide 17459329?
False
Is 314072064 a multiple of 2710?
False
Is 488 a factor of 276853136?
True
Does 17 divide 41347732?
False
Is 72424692 a multiple of 2922?
True
Does 2749 divide 5964224?
False
Does 2 divide 105418?
True
Is 6 a factor of 121360586?
False
Is 1484 a factor of 75500548?
False
Does 113 divide 11917297?
False
Is 49919129 a multiple of 13?
True
Is 13706184 a multiple of 3049?
False
Is 3174 a factor of 157555563?
False
Does 492 divide 203716044?
True
Is 43766745 a multiple of 201?
True
Is 38 a factor of 2773624955?
False
Is 166 a factor of 1017732056?
True
Is 850 a factor of 41052450?
True
Is 90184465 a multiple of 20?
False
Does 26 divide 62723571?
False
Is 196 a factor of 10104976?
True
Is 725711562 a multiple of 6642?
True
Is 154886746 a multiple of 98?
True
Is 160 a factor of 257061120?
True
Does 5494 divide 5591238306?
True
Is 14 a factor of 457915118?
False
Does 89 divide 131790577?
True
Is 20 a factor of 23484940?
True
Is 784 a factor of 13577327?
False
Is 2014 a factor of 1472416440?
False
Is 221848528 a multiple of 28?
False
Does 39 divide 10959351?
True
Is 38505742 a multiple of 13?
False
Is 59 a factor of 1923879080?
True
Does 539 divide 77032903?
False
Is 37 a factor of 563683450?
False
Is 59592830 a multiple of 13?
False
Does 15 divide 8430979?
False
Is 13 a factor of 97486458?
False
Is 62 a factor of 5575412?
True
Is 171 a factor of 272184291?
True
Is 10 a factor of 59751458?
False
Does 1356 divide 392806080?
True
Does 1327 divide 174561542?
True
Does 565 divide 316845220?
True
Is 107383422 a multiple of 978?
True
Is 684320678 a mul